1?
879401
What are the prime factors of 26610227?
7, 3801461
What are the prime factors of 775521?
3, 28723
What are the prime factors of 747842?
2, 199, 1879
List the prime factors of 1350673.
43, 101, 311
What are the prime factors of 1095930?
2, 3, 5, 11, 41
What are the prime factors of 1591092?
2, 3, 193, 229
What are the prime factors of 1011783?
3, 337261
List the prime factors of 1377602.
2, 79, 8719
List the prime factors of 52224.
2, 3, 17
What are the prime factors of 256541?
256541
What are the prime factors of 1226107?
23, 53309
What are the prime factors of 600150?
2, 3, 5, 4001
What are the prime factors of 81038?
2, 40519
List the prime factors of 11366702.
2, 5683351
List the prime factors of 119978.
2, 239, 251
What are the prime factors of 804961?
107, 7523
List the prime factors of 413243.
413243
List the prime factors of 1320422.
2, 397, 1663
List the prime factors of 10488190.
2, 5, 19, 55201
What are the prime factors of 4884785?
5, 976957
List the prime factors of 95525.
5, 3821
What are the prime factors of 855927?
3, 10567
List the prime factors of 1515904.
2, 13, 911
List the prime factors of 1336865.
5, 267373
What are the prime factors of 20063640?
2, 3, 5, 167197
List the prime factors of 186453.
3, 20717
List the prime factors of 26263242.
2, 3, 1459069
What are the prime factors of 1792051?
1792051
List the prime factors of 7930594.
2, 7, 467, 1213
List the prime factors of 605172.
2, 3, 29, 37, 47
What are the prime factors of 5862246?
2, 3, 13, 17, 4421
List the prime factors of 236429.
236429
What are the prime factors of 321416?
2, 40177
List the prime factors of 1848242.
2, 11, 84011
List the prime factors of 5978566.
2, 11, 271753
What are the prime factors of 77584?
2, 13, 373
List the prime factors of 82691.
7, 11813
List the prime factors of 763359.
3, 53, 4801
List the prime factors of 33503.
33503
List the prime factors of 1245173.
29, 42937
List the prime factors of 11023734.
2, 3, 1837289
What are the prime factors of 892153?
892153
List the prime factors of 2184600.
2, 3, 5, 11, 331
List the prime factors of 2039971.
2039971
List the prime factors of 949471.
949471
What are the prime factors of 124602?
2, 3, 19, 1093
What are the prime factors of 412150?
2, 5, 8243
List the prime factors of 8440462.
2, 53, 79627
What are the prime factors of 1225217?
7, 383, 457
What are the prime factors of 38379716?
2, 9594929
List the prime factors of 231411.
3, 77137
List the prime factors of 971429.
971429
What are the prime factors of 245010?
2, 3, 5, 8167
List the prime factors of 610550.
2, 5, 12211
What are the prime factors of 5596532?
2, 1399133
List the prime factors of 6218000.
2, 5, 3109
What are the prime factors of 218995?
5, 7, 6257
List the prime factors of 2058247.
23, 109, 821
List the prime factors of 308132.
2, 11, 47, 149
List the prime factors of 16027224.
2, 3, 667801
What are the prime factors of 2324620?
2, 5, 47, 2473
What are the prime factors of 258591?
3, 86197
List the prime factors of 2833906.
2, 1416953
List the prime factors of 21293416.
2, 151, 17627
What are the prime factors of 21607946?
2, 10803973
List the prime factors of 1038932.
2, 259733
What are the prime factors of 936178?
2, 29, 16141
What are the prime factors of 733823?
733823
What are the prime factors of 237775?
5, 9511
What are the prime factors of 58050?
2, 3, 5, 43
What are the prime factors of 6855764?
2, 1713941
List the prime factors of 1386927.
3, 73, 2111
List the prime factors of 348824.
2, 7, 6229
List the prime factors of 6475328.
2, 23, 53, 83
List the prime factors of 194087.
194087
List the prime factors of 1659112.
2, 7, 13, 43, 53
What are the prime factors of 47078?
2, 23539
What are the prime factors of 207185?
5, 11, 3767
What are the prime factors of 1484729?
17, 87337
What are the prime factors of 608971?
11, 23, 29, 83
What are the prime factors of 5144903?
5144903
What are the prime factors of 274608?
2, 3, 1907
What are the prime factors of 15910687?
13, 23, 127, 419
List the prime factors of 1056409.
71, 14879
List the prime factors of 15794649.
3, 13, 17, 2647
List the prime factors of 3173873.
31, 43, 2381
List the prime factors of 467641.
467641
What are the prime factors of 1780370?
2, 5, 178037
What are the prime factors of 1225845?
3, 5, 27241
What are the prime factors of 3398088?
2, 3, 141587
List the prime factors of 3581644.
2, 11, 81401
What are the prime factors of 295252?
2, 223, 331
List the prime factors of 61127.
11, 5557
What are the prime factors of 2382429?
3, 7, 19, 853
What are the prime factors of 4165649?
569, 7321
What are the prime factors of 22662297?
3, 7, 359719
What are the prime factors of 3485878?
2, 11, 158449
What are the prime factors of 382511?
382511
List the prime factors of 268171.
268171
List the prime factors of 7824017.
7824017
List the prime factors of 16231820.
2, 5, 11, 89, 829
List the prime factors of 912657.
3, 109, 2791
List the prime factors of 78950.
2, 5, 1579
List the prime factors of 1190025.
3, 5, 41, 43
List the prime factors of 5479571.
163, 33617
What are the prime factors of 19052963?
19052963
List the prime factors of 6939400.
2, 5, 13, 17, 157
List the prime factors of 9442542.
2, 3, 43, 36599
What are the prime factors of 637436?
2, 37, 59, 73
List the prime factors of 1006.
2, 503
What are the prime factors of 25671?
3, 43, 199
List the prime factors of 20418479.
17, 1201087
What are the prime factors of 165568?
2, 13, 199
What are the prime factors of 86201?
86201
List the prime factors of 363608.
2, 7, 43, 151
What are the prime factors of 151058?
2, 47, 1607
List the prime factors of 12608710.
2, 5, 743, 1697
List the prime factors of 312312.
2, 3, 7, 11, 13
What are the prime factors of 8044853?
8044853
List the prime factors of 546164.
2, 136541
What are the prime factors of 643719?
3, 229, 937
List the prime factors of 2025842.
2, 7, 13, 11131
List the prime factors of 360352.
2, 11261
What are the prime factors of 34474?
2, 11, 1567
What are the prime factors of 615302?
2, 307651
What are the prime factors of 269840?
2, 5, 3373
List the prime factors of 1708771.
37, 46183
What are the prime factors of 8807726?
2, 443, 9941
What are the prime factors of 22395151?
22395151
What are the prime factors of 1731097?
29, 59693
What are the prime factors of 18092218?
2, 19, 476111
List the prime factors of 11790778.
2, 5895389
What are the prime factors of 3477699?
3, 386411
List the prime factors of 1835559.
3, 11, 18541
List the prime factors of 4613799.
3, 1537933
List the prime factors of 5015567.
409, 12263
List the prime factors of 277466.
2, 7, 19819
What are the prime factors of 2557155?
3, 5, 227, 751
List the prime factors of 20183696.
2, 13, 23, 4219
What are the prime factors of 56792?
2, 31, 229
List the prime factors of 194208.
2, 3, 7, 17
What are the prime factors of 568960?
2, 5, 7, 127
List the prime factors of 219391.
41, 5351
What are the prime factors of 3704349?
3, 11, 112253
What are the prime factors of 6377193?
3, 17, 41681
What are the prime factors of 3413874?
2, 3, 568979
What are the prime factors of 47281?
13, 3637
List the prime factors of 681622.
2, 340811
What are the prime factors of 1270611?
3, 141179
List the prime factors of 173164.
2, 43291
What are the prime factors of 2316290?
2, 5, 19, 73, 167
What are the prime factors of 4028100?
2, 3, 5, 29, 463
What are the prime factors of 1975954?
2, 41, 24097
What are the prime factors of 11726788?
2, 29, 43, 2351
What are the prime factors of 102146?
2, 11, 4643
List the prime factors of 4980924.
2, 3, 13, 29, 367
What are the prime factors of 462362?
2, 151, 1531
List the prime factors of 1599370.
2, 5, 159937
What are the prime factors of 248279?
31, 8009
List the prime factors of 8707.
8707
List the prime factors of 5263775.
5, 11, 19141
List the prime factors of 1291426.
2, 645713
What are the prime factors of 2258560?
2, 5, 3529
What are the prime factors of 21220552?
2, 2652569
What are the prime factors of 1354650?
2, 3, 5, 11, 821
What are the prime factors of 14308693?
7, 2044099
List the prime factors of 1111837.
107, 10391
What are the prime factors of 1177301?
17, 23, 3011
List the prime factors of 27633568.
2, 17, 79, 643
What are t